s -188a42d (base 14) in base 4?
-232122220221
-727b0 (base 15) to base 4
-1120211301
-134c0 (base 14) to base 4
-23213300
Convert -8759a (base 13) to base 12.
-b9833
What is 114464652 (base 7) in base 11?
403910a
-201112214 (base 5) to base 3
-1111200200020
Convert 111000101111111111 (base 2) to base 12.
b2627
-4561516 (base 8) to base 2
-100101110001101001110
26605 (base 15) to base 14
32ab5
Convert -83c9b2 (base 13) to base 11.
-1817109
Convert 193288 (base 14) to base 3.
1200100000121
Convert 1050510021 (base 6) to base 10.
11517565
Convert 12412245 (base 8) to base 14.
51b057
What is -1011000010011101100110 (base 2) in base 12?
-b766b2
What is -1c3488 (base 13) in base 15?
-e3b39
What is -22543201 (base 6) in base 3?
-1022110102201
572113 (base 10) to base 9
1061711
121232002203 (base 4) to base 13
1520a72
What is -123011203 (base 4) in base 9?
-178164
-5002050 (base 8) to base 3
-2110122102121
What is 1469e1 (base 15) in base 8?
3602451
What is -3545262 (base 7) in base 15?
-8cd13
10330205 (base 6) to base 9
517385
Convert -1360577 (base 9) to base 16.
-b6b8d
3383604 (base 9) to base 13
4bc565
What is 12c03b (base 14) in base 6?
21514153
What is -2128c1 (base 13) in base 7?
-6414311
What is -113156 (base 10) in base 13?
-3c674
Convert 31321010 (base 4) to base 5.
3310100
What is -1001111011011000 (base 2) in base 11?
-28608
Convert -94153 (base 14) to base 13.
-c6649
Convert 645026 (base 7) to base 10.
112181
Convert 884 (base 14) to base 6.
11444
Convert 390205 (base 13) to base 15.
1c1481
What is 4103144 (base 6) in base 15?
3cc27
-202105 (base 10) to base 5
-22431410
What is 50626626 (base 7) in base 16?
407ac3
-9b531 (base 13) to base 8
-1046765
What is 21341204 (base 5) in base 11?
116209
-1001011110111011111110 (base 2) to base 10
-2486014
What is -902192 (base 11) in base 16?
-162937
What is 2987671 (base 11) in base 9?
10563070
What is 1e010 (base 15) in base 7?
555252
38273 (base 12) to base 10
76407
Convert 2211120321 (base 4) to base 7.
5521011
33a8b6 (base 12) to base 7
10013610
-354141510 (base 6) to base 8
-31245662
What is -3152363 (base 7) in base 4?
-1131122231
-136220 (base 7) to base 10
-26180
What is -6362415 (base 7) in base 12?
-312653
-136735 (base 9) to base 11
-57986
Convert -221210212011 (base 3) to base 16.
-7c069
-3846b (base 13) to base 5
-11312044
-20001020020012 (base 3) to base 6
-152510222
Convert -436117 (base 8) to base 5.
-14142021
Convert 19755d (base 15) to base 12.
4b95ba
Convert -1131330333 (base 4) to base 12.
-166853
Convert -175c1 (base 13) to base 5.
-2414232
Convert -1469a (base 14) to base 15.
-10054
What is 112101122221 (base 3) in base 13?
9bc71
35a25 (base 14) to base 7
1053545
Convert 1211430 (base 5) to base 2.
101100011010100
-1461 (base 15) to base 8
-10416
Convert -150212 (base 9) to base 2.
-10110011101111011
What is -34502560 (base 9) in base 5?
-13243144313
Convert 3021222 (base 4) to base 7.
52425
Convert 675b38 (base 12) to base 10.
1648412
What is -320433 (base 8) in base 6?
-2142203
Convert 122503 (base 12) to base 11.
191282
What is -9a1b8 (base 13) in base 12?
-1157a3
Convert 3647457 (base 9) to base 2.
111100011011110110100
Convert 103225423 (base 6) to base 2.
111000000111101110111
474e7 (base 15) to base 16
377aa
Convert 734c (base 13) to base 16.
3e4e
100124202 (base 5) to base 9
662532
Convert -43322034 (base 5) to base 8.
-1323135
Convert 9017c1 (base 13) to base 10.
3345174
What is -52451 (base 14) in base 11?
-126095
What is 1243aa (base 14) in base 9?
1154186
11a770 (base 11) to base 4
232113212
What is -2a731 (base 14) in base 4?
-121303113
-17392 (base 13) to base 10
-44566
What is -1101011111101101 (base 2) in base 9?
-83738
Convert 1202121020111 (base 3) to base 8.
3445754
Convert -10022010010 (base 3) to base 8.
-176705
What is -27131164 (base 9) in base 5?
-11410200000
Convert -496e21 (base 15) to base 14.
-677788
1000011101010000101111 (base 2) to base 9
4148141
225345 (base 15) to base 8
6176357
Convert 276340 (base 8) to base 10.
97504
Convert 100110031332 (base 4) to base 2.
10000010100001101111110
What is 1220012101 (base 3) in base 12?
19724
What is 327275 (base 9) in base 13?
6b054
-594c (base 14) to base 6
-200000
What is -83ad (base 15) in base 13?
-c895
What is -1021311322 (base 4) in base 16?
-49d7a
Convert 16405756 (base 9) to base 10.
8212074
What is 2b3d60 (base 14) in base 2?
101110000011011100000
What is 72447 (base 12) in base 6?
3110531
2456851 (base 9) to base 8
5063167
Convert -2102200102010 (base 3) to base 16.
-13ba11
What is 101120221112 (base 3) in base 5?
23132304
23435555 (base 7) to base 13
5791a0
21102022200102 (base 3) to base 8
17025021
What is 573521 (base 10) in base 14?
10d01b
-11220120 (base 4) to base 8
-55030
What is 2121210211 (base 4) in base 3?
1011221212101
Convert -234939 (base 10) to base 8.
-712673
Convert -1133412 (base 7) to base 3.
-21021000100
3210534 (base 6) to base 15
317cd
What is -8b13c (base 16) in base 9?
-1057375
What is -76715406 (base 8) in base 9?
-34021857
Convert 1268b4 (base 12) to base 4.
1021232020
Convert 456727 (base 9) to base 6.
5512211
Convert -3365956 (base 10) to base 12.
-1163a84
What is -114140231 (base 5) in base 3?
-1000021112201
-16306033 (base 7) to base 14
-2d271a
Convert -141164 (base 10) to base 7.
-1125362
-1a9436b (base 13) to base 15
-b8e382
Convert 5262117 (base 8) to base 11.
878327
What is -15960 (base 12) in base 5?
-1440434
-4118a (base 12) to base 9
-138437
What is -36cd29 (base 14) in base 4?
-13022312321
-12311124 (base 5) to base 14
-317c7
40313043 (base 5) to base 9
541835
Convert -13550023 (base 6) to base 7.
-3645333
4226422 (base 8) to base 13
305486
What is -2111040312 (base 5) in base 9?
-8235311
What is -28807a8 (base 11) in base 6?
-254030531
-786859 (base 11) to base 5
-310103003
-111039 (base 10) to base 14
-2c675
Convert 108b2 (base 15) to base 5.
3140332
1191b7 (base 14) to base 10
601293
Convert 3d7571 (base 14) to base 4.
20020302233
What is -115301454 (base 6) in base 5?
-1031412204
-1024415551 (base 6) to base 13
-23321aa
2202121202 (base 3) to base 9
82552
32176 (base 15) to base 14
41d05
-3044242 (base 5) to base 11
-34587
110310301031 (base 4) to base 16
534c4d
Convert -1132323022 (base 4) to base 13.
-107c86
Convert 126631 (base 10) to base 4.
132322213
37944 (base 12) to base 10
75652
What is -67b7b6 (base 13) in base 2?
-1001010110111011000000
What is 110000100101100 (base 2) in base 3?
1021010100
What is -332133131000 (base 4) in base 6?
-1343041252
46f5e (base 16) to base 14
77cd0
-100102211002000 (base 3) to base 5
-2240444244
What is 24473a1 (base 12) in base 8?
32742551
Convert -150774 (base 11) to base 12.
-b4128
5a200b (base 12) to base 13
3bc351
Convert -5cc2d6 (base 14) to base 15.
-42d465
-2237007 (base 10) to base 4
-20202021033
2212011000011 (base 3) to base 14
2b7571
165600631 (base 7) to base 3
210102221122011
2525341 (base 6) to base 3
20220112221
What is -d4db5 (base 14) in base 11?
-320547
Convert -16176 (base 14) to base 15.
-1153a
-33400021 (base 5) to base 11
-190786
Convert 789567 (base 10) to base 12.
320b13
2002301021 (base 4) to base 6
15251425
-670521 (base 15) to base 5
-2224134111
What is -47735470 (base 8) in base 2?
-100111111011101100111000
What is -51c990 (base 15) in base 10?
-3890160
-493011 (base 13) to base 14
-337482
What is -d53b (base 15) in base 16?
-b000
Convert 293581 (base 11) to base 5.
104133213
Convert 126004 (base 9) to base 16.
12b05
Convert 654865 (base 9) to base 3.
201211222012
What is -110111011 (base 4) in base 5?
-10131034
-64263124 (base 8) to base 14
-1b73260
What is -1001103323 (base 5) in base 4?
-13201201302
Convert -183643 (base 12) to base 14.
-ad507
What is 1663246 (base 7) in base 11?
14a940
Convert -405255 (base 9) to base 13.
-85358
What is 117ca2 (base 14) in base 11?
379274
-1100110111101111110 (base 2) to base 4
-1212331332
Convert 100110001110111100010 (base 2) to base 11.
786300
Convert -383f90 (base 16) to base 6.
-211002052
Convert 32113030 (base 4) to base 15.
1266d
What is 6151235 (base 7) in base 3?
1101100110122
-2224514 (base 8) to base 5
-123203041
-1b30b9 (base 16) to base 12
-71b275
What is -12133013103 (base 4) in base 15?
-238bdc
What is 115a1 (base 11) in base 2?
10